{"id":1232,"date":"2018-07-03T09:03:58","date_gmt":"2018-07-03T07:03:58","guid":{"rendered":"https:\/\/www.saarwhisky.de\/?page_id=1232"},"modified":"2018-07-03T09:12:37","modified_gmt":"2018-07-03T07:12:37","slug":"lohnherstellung-abfuellung","status":"publish","type":"page","link":"https:\/\/www.saarwhisky.de\/?page_id=1232","title":{"rendered":"Lohnherstellung\/Abf\u00fcllung"},"content":{"rendered":"<p>Wir stehen Ihnen bei der Erstellung Ihres einzigartigen Produktes von der Auswahl der passenden Spirituose bis zur fertigen Verpackung zur Seite. Als Full-Service Dienstleister rund um die Realisierung exklusiver Spirituosenprodukte erstreckt sich unser Leistungsspektrum \u00fcber:<\/p>\n<p>Abf\u00fcllung und Import<\/p>\n<p>\u2022 Import von exklusiven Spirituosen aus Drittl\u00e4ndern (EU und Nicht EU)<br \/>\n\u2022 Eigene Spirituosenherstellung<br \/>\n\u2022 Auswahl und Einlagerung von Whiskyf\u00e4ssern<br \/>\n\u2022 \u201eFinishen\u201c der Destillate in bestimmten F\u00e4ssern (z.B. Sherry, Oloroso)<br \/>\n\u2022 Hygienische Flaschenabf\u00fcllung<br \/>\n\u2022 Reduktion der Fassst\u00e4rke auf gew\u00fcnschte Trinkst\u00e4rke<br \/>\n\u2022 Erzeugen von eigenen Rezepturen und Blends<br \/>\n\u2022 Sample Service<\/p>\n<p>Corporate Design<\/p>\n<p>\u2022 Auswahl von verschiedenen Flaschenmodellen<br \/>\n\u2022 Bereitstellung von verschiedenen Gebindegr\u00f6\u00dfen (50ml \u2013 1000ml)<br \/>\n\u2022 Label- und Verpackungsdesign<br \/>\n\u2022 Etikettierung<br \/>\n\u2022 Versand und Transport<\/p>\n<p><a href=\"https:\/\/www.saarwhisky.de\/wp-content\/uploads\/2018\/07\/flasche_web.jpg\"><img loading=\"lazy\" decoding=\"async\" class=\"alignleft wp-image-1234 size-full\" src=\"https:\/\/www.saarwhisky.de\/wp-content\/uploads\/2018\/07\/flasche_web.jpg\" alt=\"\" width=\"1140\" height=\"680\" srcset=\"https:\/\/www.saarwhisky.de\/wp-content\/uploads\/2018\/07\/flasche_web.jpg 1140w, https:\/\/www.saarwhisky.de\/wp-content\/uploads\/2018\/07\/flasche_web-600x358.jpg 600w, https:\/\/www.saarwhisky.de\/wp-content\/uploads\/2018\/07\/flasche_web-300x179.jpg 300w, https:\/\/www.saarwhisky.de\/wp-content\/uploads\/2018\/07\/flasche_web-768x458.jpg 768w, https:\/\/www.saarwhisky.de\/wp-content\/uploads\/2018\/07\/flasche_web-1024x611.jpg 1024w\" sizes=\"auto, (max-width: 1140px) 100vw, 1140px\" \/><\/a><\/p>\n<p><a href=\"https:\/\/www.saarwhisky.de\/?page_id=6\">\u00dcber uns<\/a> | <a href=\"https:\/\/www.saarwhisky.de\/?page_id=1219\">Moonshine Destillerie<\/a> | <a href=\"https:\/\/www.saarwhisky.de\/?page_id=1226\">Private Cask Service<\/a> | <a href=\"https:\/\/www.saarwhisky.de\/?page_id=1232\">Lohnherstellung\/Abf\u00fcllung<\/a><\/p>\n","protected":false},"excerpt":{"rendered":"<p>Wir stehen Ihnen bei der Erstellung Ihres einzigartigen Produktes von der Auswahl der passenden Spirituose bis zur fertigen Verpackung zur Seite. Als Full-Service Dienstleister rund um die Realisierung exklusiver Spirituosenprodukte erstreckt sich unser Leistungsspektrum \u00fcber: Abf\u00fcllung und Import \u2022 Import &hellip; <a href=\"https:\/\/www.saarwhisky.de\/?page_id=1232\">Weiter<\/a><\/p>\n","protected":false},"author":1,"featured_media":0,"parent":0,"menu_order":0,"comment_status":"closed","ping_status":"closed","template":"page-fullwidth.php","meta":{"footnotes":""},"class_list":["post-1232","page","type-page","status-publish","hentry"],"_links":{"self":[{"href":"https:\/\/www.saarwhisky.de\/index.php?rest_route=\/wp\/v2\/pages\/1232","targetHints":{"allow":["GET"]}}],"collection":[{"href":"https:\/\/www.saarwhisky.de\/index.php?rest_route=\/wp\/v2\/pages"}],"about":[{"href":"https:\/\/www.saarwhisky.de\/index.php?rest_route=\/wp\/v2\/types\/page"}],"author":[{"embeddable":true,"href":"https:\/\/www.saarwhisky.de\/index.php?rest_route=\/wp\/v2\/users\/1"}],"replies":[{"embeddable":true,"href":"https:\/\/www.saarwhisky.de\/index.php?rest_route=%2Fwp%2Fv2%2Fcomments&post=1232"}],"version-history":[{"count":4,"href":"https:\/\/www.saarwhisky.de\/index.php?rest_route=\/wp\/v2\/pages\/1232\/revisions"}],"predecessor-version":[{"id":1240,"href":"https:\/\/www.saarwhisky.de\/index.php?rest_route=\/wp\/v2\/pages\/1232\/revisions\/1240"}],"wp:attachment":[{"href":"https:\/\/www.saarwhisky.de\/index.php?rest_route=%2Fwp%2Fv2%2Fmedia&parent=1232"}],"curies":[{"name":"wp","href":"https:\/\/api.w.org\/{rel}","templated":true}]}}