{"id":1307,"date":"2018-10-31T22:00:26","date_gmt":"2018-10-31T21:00:26","guid":{"rendered":"https:\/\/www.saarwhisky.de\/?product=fuerst-von-absinth-05l"},"modified":"2025-05-15T10:44:30","modified_gmt":"2025-05-15T08:44:30","slug":"fuerst-von-absinth-05l","status":"publish","type":"product","link":"https:\/\/www.saarwhisky.de\/?product=fuerst-von-absinth-05l","title":{"rendered":"F\u00fcrst von Absinth 0,5l"},"content":{"rendered":"<h5>F\u00fcrst von Absinth<\/h5>\n<p>Nach seinem Tod 1786 wurde Wilhelm Heinrich F\u00fcrst von Saarbr\u00fccken- Nassau mit einer Reihe von Kr\u00e4utern einbalsamiert:<\/p>\n<p>Heiligenkraut<br \/>\nKamille<br \/>\nKoriander<br \/>\nLavendel<br \/>\nLiguster<br \/>\nLorbeer<br \/>\nMinze<br \/>\nRosmarin<br \/>\nSalbei<br \/>\nWermut<br \/>\nWiesenruchgras<br \/>\nYsop<\/p>\n<p>All diese finden Sie auch in seinem Absinth.<\/p>\n<p>Er wurde aufwendig von Hand mazeriert und anschlie\u00dfend destilliert. Danach wurde in einem zweiten Mazerationsverfahren die gr\u00fcne Farbe und Geschmacksintensit\u00e4t erzeugt. Er hat eine sehr komplexe Aromadichte, die durch Anis, Fenchel und Wermutnoten gepr\u00e4gt und durch frische Aromen erg\u00e4nzt wird.<\/p>\n","protected":false},"excerpt":{"rendered":"<div class=\"short_description\">\n<p>Absinth aus eigener Produktion<br \/>\nDestilliert aus den gleichen Kr\u00e4utern mit denen F\u00fcrst Wilhelm Heinrich von<br \/>\nNassau-Saarbr\u00fccken vor seiner Bestattung 1768 einbalsamiert wurde.<br \/>\n2-Fach Mazeriert<br \/>\n0,5l<br \/>\n68,3%<\/p>\n<p>Ungefiltert und ohne Farbzus\u00e4tze<\/p>\n<p>Tiefgr\u00fcn und intensiv!<\/p>\n<\/div>\n","protected":false},"featured_media":1308,"comment_status":"open","ping_status":"closed","template":"","meta":[],"product_brand":[],"product_cat":[21,25,65],"product_tag":[],"class_list":{"0":"post-1307","1":"product","2":"type-product","3":"status-publish","4":"has-post-thumbnail","6":"product_cat-absinth","7":"product_cat-miniaturen","8":"product_cat-saarland_spezial","10":"first","11":"instock","12":"taxable","13":"shipping-taxable","14":"purchasable","15":"product-type-simple"},"_links":{"self":[{"href":"https:\/\/www.saarwhisky.de\/index.php?rest_route=\/wp\/v2\/product\/1307","targetHints":{"allow":["GET"]}}],"collection":[{"href":"https:\/\/www.saarwhisky.de\/index.php?rest_route=\/wp\/v2\/product"}],"about":[{"href":"https:\/\/www.saarwhisky.de\/index.php?rest_route=\/wp\/v2\/types\/product"}],"replies":[{"embeddable":true,"href":"https:\/\/www.saarwhisky.de\/index.php?rest_route=%2Fwp%2Fv2%2Fcomments&post=1307"}],"wp:featuredmedia":[{"embeddable":true,"href":"https:\/\/www.saarwhisky.de\/index.php?rest_route=\/wp\/v2\/media\/1308"}],"wp:attachment":[{"href":"https:\/\/www.saarwhisky.de\/index.php?rest_route=%2Fwp%2Fv2%2Fmedia&parent=1307"}],"wp:term":[{"taxonomy":"product_brand","embeddable":true,"href":"https:\/\/www.saarwhisky.de\/index.php?rest_route=%2Fwp%2Fv2%2Fproduct_brand&post=1307"},{"taxonomy":"product_cat","embeddable":true,"href":"https:\/\/www.saarwhisky.de\/index.php?rest_route=%2Fwp%2Fv2%2Fproduct_cat&post=1307"},{"taxonomy":"product_tag","embeddable":true,"href":"https:\/\/www.saarwhisky.de\/index.php?rest_route=%2Fwp%2Fv2%2Fproduct_tag&post=1307"}],"curies":[{"name":"wp","href":"https:\/\/api.w.org\/{rel}","templated":true}]}}