{"id":1320,"date":"2018-11-07T18:26:16","date_gmt":"2018-11-07T17:26:16","guid":{"rendered":"https:\/\/www.saarwhisky.de\/?product=gin-05l"},"modified":"2025-05-14T14:35:35","modified_gmt":"2025-05-14T12:35:35","slug":"gin-05l","status":"publish","type":"product","link":"https:\/\/www.saarwhisky.de\/?product=gin-05l","title":{"rendered":"Gin ++ 0,5l"},"content":{"rendered":"<p>Das Etikett zeigt eine Szene aus Goethe\u2019s Faust II<\/p>\n<p>&#8211; Die Erschaffung des Homunkulus &#8211;<\/p>\n<p>Ein mit Erdbeer und Rharbarbar hergestellter Gin, der weniger Wachholder-, daf\u00fcr mehr Fruchtaromen in sich tr\u00e4gt.<br \/>\nDieser Gin wurde aufwendig von Hand mazeriert und in kleinen 40l Alembic Destillen sehr langsam destilliert. Auf diese Weise gingen die geschmackstragenden Stoffe aus den Kr\u00e4utern und Fr\u00fcchten behutsam in den fertigen Gin \u00fcber.<\/p>\n<p><strong>Handgefertigter Premiumgin<\/strong><\/p>\n<p>Wie jeder unserer Gins ist auch Gin ++ von Hand mazeriert. In kleinen 40l Alembic Aromadestillen werden behutsam die verschiedenen Geschmacksnuancen herausdestilliert. Diese Brennblasen werden auch in der Parfumindustrie zur Gewinnung hochwertiger Aroma\u00f6le eingesetzt. Sie sind daher bestens geeignet um komplexe und geschmacklich intensive Spitzendestillate zu erzeugen.<\/p>\n<p>&nbsp;<\/p>\n","protected":false},"excerpt":{"rendered":"<p>Gin aus eigener Produktion<br \/>\nHandgefertigter Spitzengin mit Erdbeer und Rharbarbar<br \/>\n1-Fach Mazeriert und Anschlie\u00dfend Destilliert<br \/>\n0,5l<br \/>\n48,3%<\/p>\n<p>Ungefiltert und ohne Farbzus\u00e4tze<\/p>\n<p>Fruchtig, weich und zart!<\/p>\n","protected":false},"featured_media":1321,"comment_status":"open","ping_status":"closed","template":"","meta":[],"product_brand":[],"product_cat":[20,64],"product_tag":[],"class_list":{"0":"post-1320","1":"product","2":"type-product","3":"status-publish","4":"has-post-thumbnail","6":"product_cat-gin","7":"product_cat-gin_geiste","9":"first","10":"instock","11":"taxable","12":"shipping-taxable","13":"purchasable","14":"product-type-simple"},"_links":{"self":[{"href":"https:\/\/www.saarwhisky.de\/index.php?rest_route=\/wp\/v2\/product\/1320","targetHints":{"allow":["GET"]}}],"collection":[{"href":"https:\/\/www.saarwhisky.de\/index.php?rest_route=\/wp\/v2\/product"}],"about":[{"href":"https:\/\/www.saarwhisky.de\/index.php?rest_route=\/wp\/v2\/types\/product"}],"replies":[{"embeddable":true,"href":"https:\/\/www.saarwhisky.de\/index.php?rest_route=%2Fwp%2Fv2%2Fcomments&post=1320"}],"wp:featuredmedia":[{"embeddable":true,"href":"https:\/\/www.saarwhisky.de\/index.php?rest_route=\/wp\/v2\/media\/1321"}],"wp:attachment":[{"href":"https:\/\/www.saarwhisky.de\/index.php?rest_route=%2Fwp%2Fv2%2Fmedia&parent=1320"}],"wp:term":[{"taxonomy":"product_brand","embeddable":true,"href":"https:\/\/www.saarwhisky.de\/index.php?rest_route=%2Fwp%2Fv2%2Fproduct_brand&post=1320"},{"taxonomy":"product_cat","embeddable":true,"href":"https:\/\/www.saarwhisky.de\/index.php?rest_route=%2Fwp%2Fv2%2Fproduct_cat&post=1320"},{"taxonomy":"product_tag","embeddable":true,"href":"https:\/\/www.saarwhisky.de\/index.php?rest_route=%2Fwp%2Fv2%2Fproduct_tag&post=1320"}],"curies":[{"name":"wp","href":"https:\/\/api.w.org\/{rel}","templated":true}]}}