{"id":2919,"date":"2024-11-10T13:21:33","date_gmt":"2024-11-10T12:21:33","guid":{"rendered":"https:\/\/www.saarwhisky.de\/?post_type=product&#038;p=2919"},"modified":"2025-12-01T15:49:46","modified_gmt":"2025-12-01T14:49:46","slug":"dibbelabbes-wintertraum-05l","status":"publish","type":"product","link":"https:\/\/www.saarwhisky.de\/?product=dibbelabbes-wintertraum-05l","title":{"rendered":"Dibbelabbes Wintertraum 0,5l"},"content":{"rendered":"<h5>Dibbelabbes Wintertraum<\/h5>\n<p>-Apfel-Zimt Lik\u00f6r-<\/p>\n<p>Fruchtige Apfelnote trifft auf warmen Zimt und sorgt f\u00fcr einen unvergleichlich vollmundigen Geschmack. Perfekt f\u00fcr kalte Abende und festliche Anl\u00e4sse. G\u00f6nn dir das Besondere!<\/p>\n<p>Die Basis f\u00fcr den Wintertraum sind neben frischen \u00c4pfeln und Zimt eben auch der sagenumwobene Dibbelabbes Dippeschnappes, dem einzigen Schnaps, der aus einem echten Dibbelabbes destilliert wird.<\/p>\n<p>&nbsp;<\/p>\n<p>&nbsp;<\/p>\n<p>&nbsp;<\/p>\n<p>&nbsp;<\/p>\n","protected":false},"excerpt":{"rendered":"<p>Feiner Lik\u00f6r aus frischen \u00c4pfeln,\u00a0 Zimt<br \/>\nund Dibbelabbes Dippeschnappes<\/p>\n<p>0,5l<br \/>\n46,3 %vol<\/p>\n<p>Handgefertigt<\/p>\n<p><strong>Saarland pur im WInter !<\/strong><br \/>\nDie Basis f\u00fcr den Wintertraum sind neben frischen \u00c4pfeln und Zimt eben auch der sagenumwobene Dibbelabbes Dippeschnappes, dem einzigen Schnaps, der aus einem echten Dibbelabbes destilliert wird.<\/p>\n","protected":false},"featured_media":2920,"comment_status":"closed","ping_status":"closed","template":"","meta":[],"product_brand":[],"product_cat":[23,65],"product_tag":[],"class_list":{"0":"post-2919","1":"product","2":"type-product","3":"status-publish","4":"has-post-thumbnail","6":"product_cat-geiste","7":"product_cat-saarland_spezial","9":"first","10":"instock","11":"taxable","12":"shipping-taxable","13":"purchasable","14":"product-type-simple"},"_links":{"self":[{"href":"https:\/\/www.saarwhisky.de\/index.php?rest_route=\/wp\/v2\/product\/2919","targetHints":{"allow":["GET"]}}],"collection":[{"href":"https:\/\/www.saarwhisky.de\/index.php?rest_route=\/wp\/v2\/product"}],"about":[{"href":"https:\/\/www.saarwhisky.de\/index.php?rest_route=\/wp\/v2\/types\/product"}],"replies":[{"embeddable":true,"href":"https:\/\/www.saarwhisky.de\/index.php?rest_route=%2Fwp%2Fv2%2Fcomments&post=2919"}],"wp:featuredmedia":[{"embeddable":true,"href":"https:\/\/www.saarwhisky.de\/index.php?rest_route=\/wp\/v2\/media\/2920"}],"wp:attachment":[{"href":"https:\/\/www.saarwhisky.de\/index.php?rest_route=%2Fwp%2Fv2%2Fmedia&parent=2919"}],"wp:term":[{"taxonomy":"product_brand","embeddable":true,"href":"https:\/\/www.saarwhisky.de\/index.php?rest_route=%2Fwp%2Fv2%2Fproduct_brand&post=2919"},{"taxonomy":"product_cat","embeddable":true,"href":"https:\/\/www.saarwhisky.de\/index.php?rest_route=%2Fwp%2Fv2%2Fproduct_cat&post=2919"},{"taxonomy":"product_tag","embeddable":true,"href":"https:\/\/www.saarwhisky.de\/index.php?rest_route=%2Fwp%2Fv2%2Fproduct_tag&post=2919"}],"curies":[{"name":"wp","href":"https:\/\/api.w.org\/{rel}","templated":true}]}}