{"id":722,"date":"2016-07-08T19:17:53","date_gmt":"2016-07-08T17:17:53","guid":{"rendered":"http:\/\/www.saarwhisky.de\/?post_type=product&#038;p=722"},"modified":"2022-09-20T15:17:37","modified_gmt":"2022-09-20T13:17:37","slug":"gruwehewwel-t-shirt","status":"publish","type":"product","link":"https:\/\/www.saarwhisky.de\/?product=gruwehewwel-t-shirt","title":{"rendered":"Gruwehewwel T-Shirt"},"content":{"rendered":"<p>Ob Zuhause, auf der Arbeit oder beim geselligen Zusammensein mit Freunden, der Gruwehewwel passt zu jedem Anlass.<br \/>\nDoch nun ziert er nicht mehr nur das Etikett Ihres Lieblingswhiskys, sondern auch Sie selbst!<\/p>\n","protected":false},"excerpt":{"rendered":"<p>&nbsp;<\/p>\n<p>schwarzes T-Shirt<br \/>\ngro\u00dfz\u00fcgig geschnitten<br \/>\n100% Baumwolle<br \/>\nin den Gr\u00f6\u00dfen M, L, XL und XXL erh\u00e4ltlich<\/p>\n<p>&nbsp;<\/p>\n","protected":false},"featured_media":723,"comment_status":"open","ping_status":"closed","template":"","meta":[],"product_brand":[],"product_cat":[24,26],"product_tag":[],"class_list":{"0":"post-722","1":"product","2":"type-product","3":"status-publish","4":"has-post-thumbnail","6":"product_cat-geschenkideen","7":"product_cat-zubehoer","9":"first","10":"instock","11":"taxable","12":"shipping-taxable","13":"purchasable","14":"product-type-variable"},"_links":{"self":[{"href":"https:\/\/www.saarwhisky.de\/index.php?rest_route=\/wp\/v2\/product\/722","targetHints":{"allow":["GET"]}}],"collection":[{"href":"https:\/\/www.saarwhisky.de\/index.php?rest_route=\/wp\/v2\/product"}],"about":[{"href":"https:\/\/www.saarwhisky.de\/index.php?rest_route=\/wp\/v2\/types\/product"}],"replies":[{"embeddable":true,"href":"https:\/\/www.saarwhisky.de\/index.php?rest_route=%2Fwp%2Fv2%2Fcomments&post=722"}],"wp:featuredmedia":[{"embeddable":true,"href":"https:\/\/www.saarwhisky.de\/index.php?rest_route=\/wp\/v2\/media\/723"}],"wp:attachment":[{"href":"https:\/\/www.saarwhisky.de\/index.php?rest_route=%2Fwp%2Fv2%2Fmedia&parent=722"}],"wp:term":[{"taxonomy":"product_brand","embeddable":true,"href":"https:\/\/www.saarwhisky.de\/index.php?rest_route=%2Fwp%2Fv2%2Fproduct_brand&post=722"},{"taxonomy":"product_cat","embeddable":true,"href":"https:\/\/www.saarwhisky.de\/index.php?rest_route=%2Fwp%2Fv2%2Fproduct_cat&post=722"},{"taxonomy":"product_tag","embeddable":true,"href":"https:\/\/www.saarwhisky.de\/index.php?rest_route=%2Fwp%2Fv2%2Fproduct_tag&post=722"}],"curies":[{"name":"wp","href":"https:\/\/api.w.org\/{rel}","templated":true}]}}